 32510 is divided by 8115.
50
What is the remainder when 321 is divided by 97?
30
Calculate the remainder when 15669 is divided by 1298.
93
Calculate the remainder when 776 is divided by 206.
158
What is the remainder when 1746 is divided by 96?
18
Calculate the remainder when 14998 is divided by 4949.
151
What is the remainder when 320154 is divided by 480?
474
Calculate the remainder when 3989 is divided by 980.
69
What is the remainder when 1234275 is divided by 27?
24
Calculate the remainder when 188456 is divided by 15704.
8
What is the remainder when 6705 is divided by 85?
75
What is the remainder when 835134 is divided by 3796?
14
Calculate the remainder when 2706 is divided by 241.
55
What is the remainder when 217381 is divided by 18115?
1
What is the remainder when 13485 is divided by 25?
10
Calculate the remainder when 22254 is divided by 7386.
96
What is the remainder when 442169 is divided by 221077?
15
What is the remainder when 387231 is divided by 50?
31
What is the remainder when 2599 is divided by 153?
151
What is the remainder when 4956 is divided by 33?
6
Calculate the remainder when 21643 is divided by 278.
237
What is the remainder when 13487 is divided by 189?
68
Calculate the remainder when 3444 is divided by 499.
450
What is the remainder when 9594 is divided by 1594?
30
Calculate the remainder when 5506 is divided by 4.
2
What is the remainder when 59674 is divided by 1809?
1786
Calculate the remainder when 1752 is divided by 46.
4
What is the remainder when 3204 is divided by 411?
327
What is the remainder when 3965 is divided by 688?
525
What is the remainder when 102355 is divided by 669?
667
Calculate the remainder when 197424 is divided by 53.
52
Calculate the remainder when 961 is divided by 162.
151
What is the remainder when 113608 is divided by 37866?
10
Calculate the remainder when 1318 is divided by 325.
18
Calculate the remainder when 12485 is divided by 44.
33
Calculate the remainder when 2963 is divided by 593.
591
What is the remainder when 4023 is divided by 256?
183
Calculate the remainder when 1800 is divided by 15.
0
Calculate the remainder when 35 is divided by 14.
7
What is the remainder when 4311 is divided by 131?
119
What is the remainder when 23455 is divided by 23441?
14
Calculate the remainder when 51981 is divided by 39.
33
Calculate the remainder when 12928 is divided by 4305.
13
Calculate the remainder when 755401 is divided by 386.
385
What is the remainder when 42191 is divided by 861?
2
What is the remainder when 4306 is divided by 288?
274
Calculate the remainder when 1540 is divided by 452.
184
What is the remainder when 595 is divided by 101?
90
What is the remainder when 2679 is divided by 1914?
765
What is the remainder when 8608 is divided by 256?
160
What is the remainder when 321874 is divided by 121?
14
Calculate the remainder when 16746 is divided by 1.
0
Calculate the remainder when 139465 is divided by 44.
29
Calculate the remainder when 13498 is divided by 86.
82
Calculate the remainder when 8398 is divided by 10.
8
What is the remainder when 7003 is divided by 183?
49
What is the remainder when 1616 is divided by 116?
108
Calculate the remainder when 164624 is divided by 505.
499
Calculate the remainder when 1052 is divided by 611.
441
Calculate the remainder when 2672 is divided by 44.
32
What is the remainder when 5001 is divided by 1249?
5
What is the remainder when 9266 is divided by 1393?
908
Calculate the remainder when 663123 is divided by 4.
3
What is the remainder when 115 is divided by 107?
8
Calculate the remainder when 10271 is divided by 294.
275
Calculate the remainder when 11499 is divided by 759.
114
What is the remainder when 30518 is divided by 244?
18
What is the remainder when 403945 is divided by 27?
25
Calculate the remainder when 1805 is divided by 536.
197
Calculate the remainder when 4100 is divided by 621.
374
Calculate the remainder when 28210 is divided by 1013.
859
Calculate the remainder when 60880 is divided by 20292.
4
Calculate the remainder when 13749 is divided by 40.
29
What is the remainder when 34416 is divided by 34353?
63
What is the remainder when 480974 is divided by 54?
50
What is the remainder when 1067848 is divided by 19?
10
What is the remainder when 875262 is divided by 128?
126
Calculate the remainder when 390931 is divided by 9.
7
Calculate the remainder when 2914 is divided by 47.
0
Calculate the remainder when 209 is divided by 11.
0
What is the remainder when 312830 is divided by 52?
50
Calculate the remainder when 80558 is divided by 497.
44
Calculate the remainder when 182 is divided by 152.
30
What is the remainder when 9381 is divided by 68?
65
What is the remainder when 16810 is divided by 6?
4
Calculate the remainder when 4168 is divided by 12.
4
Calculate the remainder when 2770124 is divided by 89.
88
What is the remainder when 178654 is divided by 44?
14
Calculate the remainder when 140298 is divided by 474.
468
What is the remainder when 8907931 is divided by 227?
224
What is the remainder when 88407 is divided by 82?
11
Calculate the remainder when 4286 is divided by 160.
126
Calculate the remainder when 4708 is divided by 785.
783
Calculate the remainder when 4352 is divided by 479.
41
What is the remainder when 344 is divided by 301?
43
Calculate the remainder when 96046 is divided by 638.
346
Calculate the remainder when 239399 is divided by 456.
455
What is the remainder when 61137 is divided by 397?
396
What is the remainder when 273473 is divided by 45577?
11
Calculate the remainder when 1341 is divided by 120.
21
What is the remainder when 34236 is divided by 106?
104
What is the remainder when 17482 is divided by 843?
622
What is the remainder when 32639 is divided by 20?
19
Calculate the remainder when 7432 is divided by 677.
662
What is the remainder when 20134 is divided by 373?
365
Calculate the remainder when 1673007 is divided by 2610.
2607
What is the remainder when 28923 is divided by 241?
3
Calculate the remainder when 248914 is divided by 14.
8
What is the remainder when 743088 is divided by 19?
17
What is the remainder when 53813 is divided by 55?
23
Calculate the remainder when 27364 is divided by 6770.
284
What is the remainder when 154120 is divided by 17?
15
Calculate the remainder when 88255 is divided by 394.
393
What is the remainder when 7779197 is divided by 1300?
1297
Calculate the remainder when 258921 is divided by 36982.
47
Calculate the remainder when 5584 is divided by 1595.
799
Calculate the remainder when 8277 is divided by 212.
9
What is the remainder when 48400 is divided by 24151?
98
Calculate the remainder when 90909 is divided by 32.
29
Calculate the remainder when 10365 is divided by 2378.
853
What is the remainder when 5747 is divided by 5747?
0
Calculate the remainder when 174933 is divided by 111.
108
What is the remainder when 3001 is divided by 2977?
24
What is the remainder when 6833 is divided by 1707?
5
Calculate the remainder when 170422 is divided by 85.
82
What is the remainder when 2058 is divided by 1014?
30
Calculate the remainder when 46077 is divided by 46068.
9
Calculate the remainder when 125380 is divided by 3918.
4
Calculate the remainder when 9199 is divided by 128.
111
Calculate the remainder when 16565 is divided by 360.
5
Calculate the remainder when 950 is divided by 90.
50
What is the remainder when 1839 is divided by 66?
57
Calculate the remainder when 22324 is divided by 61.
59
Calculate the remainder when 1981 is divided by 71.
64
Calculate the remainder when 75353 is divided by 25083.
104
What is the remainder when 105372 is divided by 2847?
33
Calculate the remainder when 578 is divided by 147.
137
What is the remainder when 12721 is divided by 202?
197
Calculate the remainder when 3291 is divided by 3253.
38
What is the remainder when 2224 is divided by 2020?
204
Calculate the remainder when 30152 is divided by 861.
17
Calculate the remainder when 319228 is divided by 26.
0
What is the remainder when 173637 is divided by 970?
7
What is the remainder when 16307 is divided by 4058?
75
Calculate the remainder when 6542 is divided by 2172.
26
Calculate the remainder when 516381 is divided by 258181.
19
What is the remainder when 172446